ate the remainder when 26253 is divided by 730.
703
Calculate the remainder when 44021 is divided by 638.
637
Calculate the remainder when 29139 is divided by 857.
1
What is the remainder when 1486881 is divided by 93?
90
Calculate the remainder when 101519 is divided by 35.
19
What is the remainder when 8308 is divided by 582?
160
Calculate the remainder when 14684 is divided by 51.
47
Calculate the remainder when 98185 is divided by 825.
10
Calculate the remainder when 5371 is divided by 244.
3
What is the remainder when 26679 is divided by 291?
198
Calculate the remainder when 8586 is divided by 1321.
660
What is the remainder when 120873 is divided by 80?
73
What is the remainder when 15522 is divided by 509?
252
Calculate the remainder when 182699 is divided by 290.
289
What is the remainder when 3147176 is divided by 11?
10
Calculate the remainder when 2788 is divided by 235.
203
Calculate the remainder when 16467 is divided by 343.
3
Calculate the remainder when 417962 is divided by 75.
62
What is the remainder when 7745 is divided by 7729?
16
Calculate the remainder when 87245 is divided by 666.
665
Calculate the remainder when 11784 is divided by 155.
4
Calculate the remainder when 92596 is divided by 20.
16
Calculate the remainder when 179488 is divided by 44869.
12
Calculate the remainder when 5658 is divided by 1383.
126
What is the remainder when 171316 is divided by 78?
28
Calculate the remainder when 533026 is divided by 86.
84
Calculate the remainder when 7519 is divided by 3674.
171
What is the remainder when 64767 is divided by 32372?
23
What is the remainder when 31006 is divided by 15498?
10
Calculate the remainder when 815360 is divided by 203840.
0
Calculate the remainder when 3144 is divided by 32.
8
What is the remainder when 10010 is divided by 9996?
14
Calculate the remainder when 17040 is divided by 85.
40
What is the remainder when 94289 is divided by 23561?
45
Calculate the remainder when 14323 is divided by 4759.
46
What is the remainder when 1545 is divided by 114?
63
What is the remainder when 15116 is divided by 25?
16
Calculate the remainder when 267283 is divided by 87.
19
Calculate the remainder when 126838 is divided by 47.
32
What is the remainder when 8171 is divided by 281?
22
Calculate the remainder when 957821 is divided by 16.
13
Calculate the remainder when 3537 is divided by 1686.
165
What is the remainder when 12154 is divided by 158?
146
What is the remainder when 165732 is divided by 16572?
12
What is the remainder when 610 is divided by 24?
10
What is the remainder when 17456 is divided by 17427?
29
What is the remainder when 11940 is divided by 344?
244
What is the remainder when 7508 is divided by 158?
82
What is the remainder when 4665 is divided by 309?
30
Calculate the remainder when 30168 is divided by 1440.
1368
Calculate the remainder when 4841 is divided by 112.
25
What is the remainder when 17425 is divided by 2902?
13
Calculate the remainder when 1078230 is divided by 77.
76
Calculate the remainder when 340 is divided by 129.
82
What is the remainder when 315 is divided by 156?
3
Calculate the remainder when 2238 is divided by 2034.
204
What is the remainder when 800499 is divided by 50?
49
Calculate the remainder when 3123 is divided by 574.
253
What is the remainder when 52132 is divided by 66?
58
Calculate the remainder when 24570 is divided by 4095.
0
Calculate the remainder when 6486 is divided by 3208.
70
What is the remainder when 82983 is divided by 506?
505
Calculate the remainder when 2231 is divided by 834.
563
What is the remainder when 117604 is divided by 78?
58
Calculate the remainder when 9694 is divided by 74.
0
What is the remainder when 3582 is divided by 211?
206
Calculate the remainder when 32128 is divided by 31956.
172
Calculate the remainder when 20106 is divided by 101.
7
Calculate the remainder when 10092 is divided by 8040.
2052
What is the remainder when 1322561 is divided by 234?
227
Calculate the remainder when 17708 is divided by 345.
113
Calculate the remainder when 181572 is divided by 45386.
28
Calculate the remainder when 125831 is divided by 193.
188
What is the remainder when 5848 is divided by 243?
16
What is the remainder when 183050 is divided by 33?
32
What is the remainder when 806 is divided by 303?
200
What is the remainder when 22338 is divided by 3190?
8
Calculate the remainder when 9876 is divided by 9846.
30
What is the remainder when 211651 is divided by 105816?
19
What is the remainder when 17097 is divided by 742?
31
Calculate the remainder when 267673 is divided by 239.
232
What is the remainder when 79740 is divided by 1563?
27
Calculate the remainder when 201275 is divided by 19.
8
What is the remainder when 38989 is divided by 2353?
1341
What is the remainder when 9142 is divided by 400?
342
What is the remainder when 14978 is divided by 1662?
20
What is the remainder when 453 is divided by 13?
11
Calculate the remainder when 55481 is divided by 402.
5
Calculate the remainder when 130223 is divided by 48.
47
Calculate the remainder when 653 is divided by 131.
129
Calculate the remainder when 5062 is divided by 92.
2
What is the remainder when 1413 is divided by 281?
8
What is the remainder when 2286 is divided by 644?
354
What is the remainder when 6358 is divided by 35?
23
What is the remainder when 5295673 is divided by 15?
13
What is the remainder when 416 is divided by 336?
80
Calculate the remainder when 2519 is divided by 720.
359
Calculate the remainder when 129790 is divided by 384.
382
Calculate the remainder when 40503 is divided by 2375.
128
What is the remainder when 3383 is divided by 417?
47
What is the remainder when 23643 is divided by 7?
4
What is the remainder when 2352 is divided by 404?
332
Calculate the remainder when 117975 is divided by 250.
225
Calculate the remainder when 17942 is divided by 306.
194
Calculate the remainder when 28246 is divided by 113.
109
Calculate the remainder when 4006 is divided by 197.
66
Calculate the remainder when 33464 is divided by 598.
574
Calculate the remainder when 14021 is divided by 1990.
91
Calculate the remainder when 1176 is divided by 48.
24
Calculate the remainder when 44481 is divided by 22.
19
What is the remainder when 41013 is divided by 20503?
7
What is the remainder when 41915 is divided by 13970?
5
What is the remainder when 9523 is divided by 1583?
25
Calculate the remainder when 319772 is divided by 106588.
8
What is the remainder when 3451 is divided by 358?
229
What is the remainder when 12102 is divided by 17?
15
What is the remainder when 105637 is divided by 327?
16
What is the remainder when 1749 is divided by 777?
195
What is the remainder when 2404 is divided by 755?
139
Calculate the remainder when 255153 is divided by 210.
3
What is the remainder when 133949 is divided by 60?
29
Calculate the remainder when 6680 is divided by 288.
56
Calculate the remainder when 13005 is divided by 189.
153
Calculate the remainder when 5598 is divided by 932.
6
Calculate the remainder when 3593 is divided by 22.
7
What is the remainder when 260307 is divided by 23?
16
What is the remainder when 35593 is divided by 13?
12
What is the remainder when 9426 is divided by 165?
21
What is the remainder when 5087 is divided by 2416?
255
What is the remainder when 1421873 is divided by 24?
17
What is the remainder when 13515 is divided by 4502?
9
Calculate the remainder when 476622 is divided by 95324.
2
What is the remainder when 2362 is divided by 50?
12
Calculate the remainder when 3715 is divided by 76.
67
What is the remainder when 264719 is divided by 8?
7
What is the remainder when 305810 is divided by 33?
32
What is the remainder when 1933 is divided by 160?
13
What is the remainder when 5518 is divided by 610?
28
Calculate the remainder when 79858 is divided by 242.
240
What is the remainder when 18199 is divided by 6038?
85
Calculate the remainder when 2826 is divided by 260.
226
What is the remainder when 29332 is divided by 1011?
13
Calculate the remainder when 55513 is divided by 30.
13
What is the remainder when 7363 is divided by 2454?
1
Calculate the remainder when 1350 is divided by 30.
0
Calculate the remainder when 20677 is divided by 188.
185
Calcul